{"id":1602,"date":"2023-02-26T20:00:20","date_gmt":"2023-02-26T19:00:20","guid":{"rendered":"https:\/\/meineart-iz.de\/emma\/?page_id=1602"},"modified":"2023-03-26T14:03:52","modified_gmt":"2023-03-26T12:03:52","slug":"2-0-referenzen","status":"publish","type":"page","link":"https:\/\/meineart-iz.de\/emma\/2-0-referenzen\/","title":{"rendered":"2.0 Referenzen"},"content":{"rendered":"\t\t<div data-elementor-type=\"wp-page\" data-elementor-id=\"1602\" class=\"elementor elementor-1602\">\n\t\t\t\t\t\t<div class=\"elementor-inner\">\n\t\t\t\t<div class=\"elementor-section-wrap\">\n\t\t\t\t\t\t\t<div class=\"elementor-element elementor-element-8c8649f e-con-boxed e-con\" data-id=\"8c8649f\" data-element_type=\"container\" data-settings=\"{&quot;content_width&quot;:&quot;boxed&quot;}\">\n\t\t\t\t\t<div class=\"e-con-inner\">\n\t\t\t\t<div class=\"elementor-element elementor-element-c9628ea elementor-widget elementor-widget-heading\" data-id=\"c9628ea\" data-element_type=\"widget\" data-widget_type=\"heading.default\">\n\t\t\t\t<div class=\"elementor-widget-container\">\n\t\t\t<h2 class=\"elementor-heading-title elementor-size-default\">Referenzen<\/h2>\t\t<\/div>\n\t\t\t\t<\/div>\n\t\t<div class=\"elementor-element elementor-element-ac3b3e8 e-con-boxed e-con\" data-id=\"ac3b3e8\" data-element_type=\"container\" data-settings=\"{&quot;content_width&quot;:&quot;boxed&quot;}\">\n\t\t\t\t\t<div class=\"e-con-inner\">\n\t\t\t\t<div class=\"elementor-element elementor-element-8b86fe6 elementor-widget elementor-widget-text-editor\" data-id=\"8b86fe6\" data-element_type=\"widget\" data-widget_type=\"text-editor.default\">\n\t\t\t\t<div class=\"elementor-widget-container\">\n\t\t\t\t\t\t\t\t<div class=\"elementor-text-editor elementor-clearfix\">\n\t\t\t\t<p>\u00dcber die Jahre haben wir mit den ein oder anderen Kunden zusammengearbeitet.<\/p><p>Hier seht ihr einen kleinen Ausschnitt:\u00a0<\/p>\t\t\t\t\t<\/div>\n\t\t\t\t\t\t<\/div>\n\t\t\t\t<\/div>\n\t\t\t\t\t<\/div>\n\t\t\t\t<\/div>\n\t\t\t\t\t<\/div>\n\t\t\t\t<\/div>\n\t\t<div class=\"elementor-element elementor-element-5877ce8 e-con-boxed e-con\" data-id=\"5877ce8\" data-element_type=\"container\" data-settings=\"{&quot;content_width&quot;:&quot;boxed&quot;}\">\n\t\t\t\t\t<div class=\"e-con-inner\">\n\t\t<div class=\"elementor-element elementor-element-f15b7d6 e-con-full e-con\" data-id=\"f15b7d6\" data-element_type=\"container\" data-settings=\"{&quot;content_width&quot;:&quot;full&quot;}\">\n\t\t\t\t<div class=\"elementor-element elementor-element-446494f elementor-widget elementor-widget-heading\" data-id=\"446494f\" data-element_type=\"widget\" data-widget_type=\"heading.default\">\n\t\t\t\t<div class=\"elementor-widget-container\">\n\t\t\t<h2 class=\"elementor-heading-title elementor-size-default\">Schwimmverein Steele 11 <\/h2>\t\t<\/div>\n\t\t\t\t<\/div>\n\t\t\t\t<\/div>\n\t\t<div class=\"elementor-element elementor-element-d2320ff e-con-full e-con\" data-id=\"d2320ff\" data-element_type=\"container\" data-settings=\"{&quot;content_width&quot;:&quot;full&quot;}\">\n\t\t\t\t<div class=\"elementor-element elementor-element-36dbe16 elementor-widget elementor-widget-heading\" data-id=\"36dbe16\" data-element_type=\"widget\" data-widget_type=\"heading.default\">\n\t\t\t\t<div class=\"elementor-widget-container\">\n\t\t\t<h2 class=\"elementor-heading-title elementor-size-default\">Freiwillige Feuerwehr Burgaltendorf<\/h2>\t\t<\/div>\n\t\t\t\t<\/div>\n\t\t\t\t<\/div>\n\t\t<div class=\"elementor-element elementor-element-087cbe0 e-con-full e-con\" data-id=\"087cbe0\" data-element_type=\"container\" data-settings=\"{&quot;content_width&quot;:&quot;full&quot;}\">\n\t\t\t\t<div class=\"elementor-element elementor-element-4880826 elementor-widget elementor-widget-heading\" data-id=\"4880826\" data-element_type=\"widget\" data-widget_type=\"heading.default\">\n\t\t\t\t<div class=\"elementor-widget-container\">\n\t\t\t<h2 class=\"elementor-heading-title elementor-size-default\">Die Praxis Andr\u00e9 Possel<\/h2>\t\t<\/div>\n\t\t\t\t<\/div>\n\t\t\t\t<\/div>\n\t\t<div class=\"elementor-element elementor-element-e000b90 e-con-full e-con\" data-id=\"e000b90\" data-element_type=\"container\" data-settings=\"{&quot;content_width&quot;:&quot;full&quot;}\">\n\t\t\t\t<div class=\"elementor-element elementor-element-000d8e8 elementor-widget elementor-widget-heading\" data-id=\"000d8e8\" data-element_type=\"widget\" data-widget_type=\"heading.default\">\n\t\t\t\t<div class=\"elementor-widget-container\">\n\t\t\t<h2 class=\"elementor-heading-title elementor-size-default\">Baumdienst SKT<\/h2>\t\t<\/div>\n\t\t\t\t<\/div>\n\t\t\t\t<\/div>\n\t\t\t\t\t<\/div>\n\t\t\t\t<\/div>\n\t\t<div class=\"elementor-element elementor-element-f662ec0 e-con-boxed e-con\" data-id=\"f662ec0\" data-element_type=\"container\" data-settings=\"{&quot;content_width&quot;:&quot;boxed&quot;}\">\n\t\t\t\t\t<div class=\"e-con-inner\">\n\t\t<div class=\"elementor-element elementor-element-d635847 e-con-full e-con\" data-id=\"d635847\" data-element_type=\"container\" data-settings=\"{&quot;content_width&quot;:&quot;full&quot;}\">\n\t\t\t\t<div class=\"elementor-element elementor-element-01e01a1 elementor-widget elementor-widget-heading\" data-id=\"01e01a1\" data-element_type=\"widget\" data-widget_type=\"heading.default\">\n\t\t\t\t<div class=\"elementor-widget-container\">\n\t\t\t<h2 class=\"elementor-heading-title elementor-size-default\">Zahra's Morgenland<\/h2>\t\t<\/div>\n\t\t\t\t<\/div>\n\t\t\t\t<\/div>\n\t\t<div class=\"elementor-element elementor-element-32b0259 e-con-full e-con\" data-id=\"32b0259\" data-element_type=\"container\" data-settings=\"{&quot;content_width&quot;:&quot;full&quot;}\">\n\t\t\t\t<div class=\"elementor-element elementor-element-1e8195c elementor-widget elementor-widget-heading\" data-id=\"1e8195c\" data-element_type=\"widget\" data-widget_type=\"heading.default\">\n\t\t\t\t<div class=\"elementor-widget-container\">\n\t\t\t<h2 class=\"elementor-heading-title elementor-size-default\">Metzgerei Kr\u00fcmmel<\/h2>\t\t<\/div>\n\t\t\t\t<\/div>\n\t\t\t\t<\/div>\n\t\t<div class=\"elementor-element elementor-element-d90dfa2 e-con-full e-con\" data-id=\"d90dfa2\" data-element_type=\"container\" data-settings=\"{&quot;content_width&quot;:&quot;full&quot;}\">\n\t\t\t\t<div class=\"elementor-element elementor-element-a7a81f7 elementor-widget elementor-widget-heading\" data-id=\"a7a81f7\" data-element_type=\"widget\" data-widget_type=\"heading.default\">\n\t\t\t\t<div class=\"elementor-widget-container\">\n\t\t\t<h2 class=\"elementor-heading-title elementor-size-default\">Eiscaf\u00e9 La Piazza<\/h2>\t\t<\/div>\n\t\t\t\t<\/div>\n\t\t\t\t<\/div>\n\t\t<div class=\"elementor-element elementor-element-0741165 e-con-full e-con\" data-id=\"0741165\" data-element_type=\"container\" data-settings=\"{&quot;content_width&quot;:&quot;full&quot;}\">\n\t\t\t\t<div class=\"elementor-element elementor-element-b84dc35 elementor-widget elementor-widget-heading\" data-id=\"b84dc35\" data-element_type=\"widget\" data-widget_type=\"heading.default\">\n\t\t\t\t<div class=\"elementor-widget-container\">\n\t\t\t<h2 class=\"elementor-heading-title elementor-size-default\">MWH J\u00f6rg Vesper<\/h2>\t\t<\/div>\n\t\t\t\t<\/div>\n\t\t\t\t<\/div>\n\t\t\t\t\t<\/div>\n\t\t\t\t<\/div>\n\t\t\t\t\t\t\t\t\t<\/div>\n\t\t\t<\/div>\n\t\t\t\t\t<\/div>\n\t\t","protected":false},"excerpt":{"rendered":"<p>Referenzen \u00dcber die Jahre haben wir mit den ein oder anderen Kunden zusammengearbeitet. Hier seht ihr einen kleinen Ausschnitt:\u00a0 Schwimmverein Steele 11 Freiwillige Feuerwehr Burgaltendorf Die Praxis Andr\u00e9 Possel Baumdienst SKT Zahra&#8217;s Morgenland Metzgerei Kr\u00fcmmel Eiscaf\u00e9 La Piazza MWH J\u00f6rg Vesper<\/p>\n","protected":false},"author":4,"featured_media":0,"parent":0,"menu_order":0,"comment_status":"closed","ping_status":"closed","template":"","meta":{"footnotes":""},"class_list":["post-1602","page","type-page","status-publish","hentry","entry"],"_links":{"self":[{"href":"https:\/\/meineart-iz.de\/emma\/wp-json\/wp\/v2\/pages\/1602","targetHints":{"allow":["GET"]}}],"collection":[{"href":"https:\/\/meineart-iz.de\/emma\/wp-json\/wp\/v2\/pages"}],"about":[{"href":"https:\/\/meineart-iz.de\/emma\/wp-json\/wp\/v2\/types\/page"}],"author":[{"embeddable":true,"href":"https:\/\/meineart-iz.de\/emma\/wp-json\/wp\/v2\/users\/4"}],"replies":[{"embeddable":true,"href":"https:\/\/meineart-iz.de\/emma\/wp-json\/wp\/v2\/comments?post=1602"}],"version-history":[{"count":22,"href":"https:\/\/meineart-iz.de\/emma\/wp-json\/wp\/v2\/pages\/1602\/revisions"}],"predecessor-version":[{"id":1910,"href":"https:\/\/meineart-iz.de\/emma\/wp-json\/wp\/v2\/pages\/1602\/revisions\/1910"}],"wp:attachment":[{"href":"https:\/\/meineart-iz.de\/emma\/wp-json\/wp\/v2\/media?parent=1602"}],"curies":[{"name":"wp","href":"https:\/\/api.w.org\/{rel}","templated":true}]}}